{"id":53,"date":"2026-01-31T18:25:50","date_gmt":"2026-01-31T21:25:50","guid":{"rendered":"https:\/\/albuquerquescn-znuct.wordpress.com\/?page_id=53"},"modified":"2026-02-06T00:34:47","modified_gmt":"2026-02-06T00:34:47","slug":"invited-keynote-speakers","status":"publish","type":"page","link":"https:\/\/biomatconsortium.org\/index.php\/invited-keynote-speakers\/","title":{"rendered":"Invited Keynote Speakers"},"content":{"rendered":"\n<p>Andjelka Hedrih, Mathematical Institute, Serbian Academy of Sciences and Arts, Serbia<\/p>\n\n\n\n<p>Attila D\u00e9nes, University of Szeged, Bolyai Institute, Hungary<\/p>\n\n\n\n<p>Bosiljka Tadic, Department of Theoretical Physics, Josef Stefan Institute, Ljubljana, Slovenia<\/p>\n\n\n\n<p>Branko Dragovich, Institute of Physics, University of Belgrade, Serbia<\/p>\n\n\n\n<p>Gergely R\u00f6st, University of Szeged, Bolyai Institute, Hungary<\/p>\n\n\n\n<p>Hamid Lefraich, Universit\u00e9 Hassan Premier, Settat, Morocco<\/p>\n\n\n\n<p>Karam Allali, University Hassan II, Casablanca, Morocco<\/p>\n\n\n\n<p>Khalid Hattaf, CRMEF, Casablanca, Morocco<\/p>\n\n\n\n<p>Marko Djordjevic, University of Belgrade,Serbia<\/p>\n\n\n\n<p>Milos Kojic, Serbian Academy of Sciences and Arts, Belgrade, Serbia<\/p>\n\n\n\n<p>Natasa Misic, Research and Development Institute Lola Ltd, Belgrade, Serbia<\/p>\n\n\n\n<p>Nenad Filipovic, University of Kragujevac, Serbia<\/p>\n\n\n\n<p>Nikola Vitkovic, University of Ni\u0161, Faculty of Mechanical Engineering, Serbia<\/p>\n\n\n\n<p>Lucia Maddalena, ICAR, CNR, Naples, Italy<\/p>\n\n\n\n<p>Panos Pardalos, University of Florida, Gainesville, USA<\/p>\n\n\n\n<p>Rubem P. Mondaini, Federal University of Rio de Janeiro, Rio de Janeiro, Brazil<\/p>\n\n\n\n<p>Samares Pal, University of Kalyani, West Bengal, India<\/p>\n\n\n\n<p>S\u00e1ndor Kov\u00e1cs, E\u00f6tv\u00f6s Lor\u00e1nd University, Budapest, Hungary<\/p>\n\n\n\n<p>Stacey Smith?, Department of Mathematics and Faculty of Medicine The University of Ottawa, Canada<\/p>\n\n\n\n<p>Zeljko Cupic, Institute of Chemistry, Technology and Metallurgy, University of Belgrade, Serbia<\/p>\n","protected":false},"excerpt":{"rendered":"<p>Andjelka Hedrih, Mathematical Institute, Serbian Academy of Sciences and Arts, Serbia Attila D\u00e9nes, University of Szeged, Bolyai Institute, Hungary Bosiljka Tadic, Department of Theoretical Physics, Josef Stefan Institute, Ljubljana, Slovenia Branko Dragovich, Institute of Physics, University of Belgrade, Serbia Gergely R\u00f6st, University of Szeged, Bolyai Institute, Hungary Hamid Lefraich, Universit\u00e9 Hassan Premier, Settat, Morocco Karam [&hellip;]<\/p>\n","protected":false},"author":1,"featured_media":0,"parent":0,"menu_order":0,"comment_status":"closed","ping_status":"closed","template":"","meta":{"footnotes":""},"class_list":["post-53","page","type-page","status-publish","hentry"],"_links":{"self":[{"href":"https:\/\/biomatconsortium.org\/index.php\/wp-json\/wp\/v2\/pages\/53","targetHints":{"allow":["GET"]}}],"collection":[{"href":"https:\/\/biomatconsortium.org\/index.php\/wp-json\/wp\/v2\/pages"}],"about":[{"href":"https:\/\/biomatconsortium.org\/index.php\/wp-json\/wp\/v2\/types\/page"}],"author":[{"embeddable":true,"href":"https:\/\/biomatconsortium.org\/index.php\/wp-json\/wp\/v2\/users\/1"}],"replies":[{"embeddable":true,"href":"https:\/\/biomatconsortium.org\/index.php\/wp-json\/wp\/v2\/comments?post=53"}],"version-history":[{"count":2,"href":"https:\/\/biomatconsortium.org\/index.php\/wp-json\/wp\/v2\/pages\/53\/revisions"}],"predecessor-version":[{"id":152,"href":"https:\/\/biomatconsortium.org\/index.php\/wp-json\/wp\/v2\/pages\/53\/revisions\/152"}],"wp:attachment":[{"href":"https:\/\/biomatconsortium.org\/index.php\/wp-json\/wp\/v2\/media?parent=53"}],"curies":[{"name":"wp","href":"https:\/\/api.w.org\/{rel}","templated":true}]}}